*3 - 1445*x**2 - 154*x + 269. Calculate c(29).
8
Let i(y) = -2*y**3 + 39*y**2 + 177. Determine i(20).
-223
Let y(v) = v**3 + 85*v**2 - 3544*v - 60. Give y(30).
-2880
Let f(g) = g**3 + 6*g**2 - 199*g + 672. Determine f(6).
-90
Let c(u) = -38*u**2 - 703*u - 666. Give c(-1).
-1
Let r(s) = -36*s + 609. Calculate r(14).
105
Let t(g) = 415*g**2 - 51*g + 127. Determine t(2).
1685
Let i(w) = 39*w**2 - 530*w + 100. Determine i(13).
-199
Let m(i) = -i**3 + 70*i**2 + 4585*i + 23. Calculate m(-41).
-1371
Let f(d) = 8*d**2 - 283*d - 791. Calculate f(39).
340
Let h(y) = -3*y**2 - 64853*y + 2078365. Calculate h(32).
-3
Let y(x) = x**3 + 744*x**2 - 1701*x - 155944. Determine y(-746).
-30
Let x(j) = -53*j**3 - 10968*j**2 + 623*j + 448. Calculate x(-207).
34
Let b(d) = 11342*d + 249120. Determine b(-22).
-404
Let u(c) = -307*c**2 + 1923*c - 478. Calculate u(6).
8
Let t(s) = -s**3 + 31*s**2 + 571*s - 138. Determine t(44).
-182
Let w(p) = -p**3 + 119*p**2 + 276*p - 4117. Calculate w(121).
-3
Let c(y) = y**3 - 42*y**2 - 1164*y - 1. Determine c(-19).
94
Let a(o) = 194*o + 10864. Determine a(-56).
0
Let p(k) = 4*k**3 - 1000*k**2 - 5130*k + 7664. Calculate p(255).
14
Let c(b) = 686*b - 11813. What is c(20)?
1907
Let u(m) = 2*m**3 + 22*m**2 - 375*m - 4213. Determine u(-11).
-88
Let o(w) = -w**2 - 6127*w + 228083. What is o(37)?
15
Let k(d) = -d**2 + 164312*d + 7231672. Give k(-44).
8
Let r(a) = 3*a**3 + 33*a**2 + 29*a + 19. Calculate r(-4).
239
Let y(i) = -i**2 + 1743*i + 460424. Determine y(-233).
16
Let b(u) = 32*u**3 + 644*u**2 - 9*u - 149. Calculate b(-20).
1631
Let i(x) = -9*x - 1693. Give i(-141).
-424
Let g(v) = -v**3 + 6*v**2 - 25259*v + 151561. What is g(6)?
7
Let c(g) = -12083*g + 108716. Calculate c(9).
-31
Let c(o) = -5*o**2 - 544*o - 476. What is c(-107)?
487
Let v(l) = 3*l**3 + 15*l**2 + 26*l - 96. Calculate v(-4).
-152
Let w(j) = 5357*j + 910704. Give w(-170).
14
Let v(z) = 13929*z + 710368. Give v(-51).
-11
Let c(l) = -l**3 + 242*l**2 + 3602*l - 4509. Determine c(256).
99
Let d(j) = 649*j + 11044. Determine d(-16).
660
Let v(q) = 110*q**2 - 1173*q + 2696. Determine v(8).
352
Let t(f) = -809*f - 7425. Determine t(-8).
-953
Let j(o) = -o**3 - 20*o**2 + 425*o - 60. Give j(11).
864
Let r(h) = h**3 + 19*h**2 + 52*h + 1262. What is r(-18)?
650
Let y(u) = 2*u**3 - 54*u**2 - 42*u - 276. What is y(26)?
-2720
Let d(v) = v**3 - 19*v**2 - 110*v + 2205. Calculate d(19).
115
Let c(i) = 75*i**2 + 29*i + 7. What is c(-4)?
1091
Let f(j) = 262*j + 6941. Give f(-27).
-133
Let l(c) = -5*c**2 - 1556*c - 109329. Determine l(-204).
15
Let g(h) = h**2 + 4154*h - 104518. What is g(25)?
-43
Let d(p) = -p**3 - 55*p**2 + 503*p - 97. What is d(-63)?
-34
Let z(b) = -3*b**3 - 31*b**2 + 3268*b + 16721. Give z(-5).
-19
Let j(m) = 11012*m + 11012. Give j(-1).
0
Let n(s) = -40*s**3 + 27965*s**2 - 3506*s + 7688. Calculate n(699).
-1
Let b(z) = -236982*z - 1184966. Give b(-5).
-56
Let y(n) = -616962*n + 6786583. What is y(11)?
1
Let j(l) = 6*l**2 - 59*l + 37. Give j(0).
37
Let z(h) = -8*h**3 + 8*h**2 + 59*h + 14. What is z(-3)?
125
Let n(f) = -6*f**2 - 171*f - 2143. Determine n(-12).
-955
Let c(q) = q**3 + 121*q**2 + 573*q - 693. What is c(-116)?
119
Let w(u) = -686*u + 33650. Determine w(49).
36
Let b(u) = 1268*u + 54496. What is b(-43)?
-28
Let l(u) = 8*u**2 + 1421*u + 49785. Give l(-48).
9
Let p(n) = 5*n**3 + 1338*n**2 - 539*n + 873. Determine p(-268).
1677
Let d(i) = -278*i + 4534. Determine d(16).
86
Let b(m) = m**3 + 79*m**2 - 4274*m - 47. Give b(37).
619
Let q(j) = -2*j**3 + 134*j**2 - 745*j + 698. Determine q(61).
-95
Let u(m) = -m**3 - 300*m**2 - 14216*m + 176. Give u(-59).
-1
Let l(s) = 7796*s - 93194. Determine l(12).
358
Let q(b) = 4955*b - 302239. Determine q(61).
16
Let m(u) = 179*u - 25300. Determine m(153).
2087
Let v(z) = 11*z**3 + 65*z**2 - 24*z - 92. Determine v(-6).
16
Let l(u) = -86*u + 18225. Determine l(188).
2057
Let s(k) = k**3 + 294*k**2 + 796*k - 5544. What is s(-6)?
48
Let f(j) = j**2 - 1084*j - 649075. Give f(-429).
2
Let f(x) = 42442*x + 8743039. Give f(-206).
-13
Let u(b) = -b**3 + 12*b**2 + 814*b - 305. What is u(35)?
10
Let x(k) = -k**2 - 6*k + 1715. Determine x(35).
280
Let t(i) = 31*i**2 - 35*i + 279. Give t(10).
3029
Let k(f) = -28*f**3 - 38*f**2 + 35*f - 64. Calculate k(2).
-370
Let s(l) = 467*l - 345. Give s(0).
-345
Let j(k) = k**3 - 12*k**2 - k + 135. What is j(11)?
3
Let h(s) = -9*s**2 - 83*s - 110. Calculate h(9).
-1586
Let l(d) = 43*d**2 - 4005*d + 387. What is l(93)?
-171
Let k(a) = a**2 + 380*a - 8898. What is k(22)?
-54
Let o(z) = -3*z**3 - 116*z**2 + 632*z - 111. Calculate o(5).
-226
Let u(k) = 16238*k - 2354504. What is u(145)?
6
Let n(w) = w**3 + 1663*w**2 - 33660*w - 2. Calculate n(20).
-2
Let b(m) = 20381*m + 529893. Give b(-26).
-13
Let y(t) = -6*t**2 - 35665*t - 569098. Calculate y(-16).
6
Let n(u) = 42*u + 179. Calculate n(3).
305
Let r(w) = -3*w**2 - 767*w - 39823. What is r(-73)?
181
Let f(q) = 1355641*q + 4. Calculate f(0).
4
Let v(f) = -349937*f + 8748425. Calculate v(25).
0
Let h(b) = 64*b - 3986. Determine h(85).
1454
Let h(y) = y**3 - 68*y**2 + 749*y + 2871. Give h(52).
-1445
Let t(m) = 919*m + 20422. Give t(-22).
204
Let o(h) = -7*h**2 + 124*h + 730. What is o(-5)?
-65
Let m(y) = 2*y**2 + 104*y - 1183. Calculate m(-62).
57
Let s(w) = 8*w**2 - 62*w + 710. What is s(12)?
1118
Let j(n) = 11*n**2 + 121*n + 16. Calculate j(-10).
-94
Let n(k) = -13471*k + 54259. Calculate n(4).
375
Let j(i) = -87671*i - 350672. Determine j(-4).
12
Let u(b) = 1885609*b + 9428039. Calculate u(-5).
-6
Let w(c) = 2757*c**2 - 24826*c + 16. Calculate w(9).
-101
Let x(d) = -d**3 - 64*d**2 - 50*d + 3514. Determine x(-62).
-1074
Let p(q) = -3*q**3 + 977*q**2 - 26348*q + 1193. Calculate p(296).
9
Let y(o) = o**3 + 9*o**2 + 321*o + 1743. Calculate y(-5).
238
Let i(v) = 145*v + 237. What is i(-8)?
-923
Let q(m) = 4*m**3 + 69*m**2 + 20*m - 4. What is q(-17)?
-55
Let j(x) = 53*x**2 - 3018*x + 13738. Give j(5).
-27
Let m(n) = 2*n**3 - 463*n**2 - 473*n + 55817. Determine m(232).
-95
Let t(d) = -30*d**2 - 5454*d + 1039. Calculate t(-182).
-53
Let p(f) = -2*f**3 + 4*f**2 - 244*f + 1066. What is p(4)?
26
Let k(r) = 105*r**2 - 5*r. What is k(5)?
2600
Let n(u) = -u**2 + 980*u - 68744. Give n(76).
-40
Let q(v) = 3*v**3 - 95*v**2 + 60*v + 200. Calculate q(31).
138
Let s(m) = m**3 + 34*m**2 + 130*m - 1057. Calculate s(-28).
7
Let n(y) = -y**2 + 4*y + 1546. Calculate n(37).
325
Let y(n) = n**3 + 121*n**2 + 2809*n - 8390. Determine y(-88).
-30
Let m(r) = 7*r**3 + 126*r**2 - 813*r + 46. What is m(5)?
6
Let x(m) = -136597*m - 682981. Determine x(-5).
4
Let o(n) = -6301*n + 6301. Give o(1).
0
Let d(t) = 5*t**3 + 4*t**2 - 495*t - 983. Determine d(-2).
-17
Let p(v) = -99*v**2 + 3566*v - 186. Calculate p(36).
-114
Let g(d) = -44423*d + 310948. Give g(7).
-13
Let q(b) = b**3 + 109*b**2 + 2938*b - 1573. Calculate q(-54).
155
Let l(b) = b**3 - 23*b**2 - 367*b + 340. What is l(-11)?
263
Let t(f) = -f**2 + 116*f - 530. Calculate t(107).
433
Let f(y) = 8*y**2 - 49*y - 1069. What is f(-13)?
920
Let m(c) = 1655*c - 122551. Give m(74).
-81
Let z(u) = 320377*u - 1281517. Determine z(4).
-9
Let p(w) = 2*w**3 + 50*w**2 - 72*w - 1803. Calculate p(-25).
-3
Let i(w) = -3*w**2 - 2696*w - 82388. Give i(-867).
-23
Let u(y) = 33*y**2 + 889*y - 8. Give u(-27).
46
Let q(b) = 2*b**2 + 2224*b + 3. What is q(0)?
3
Let w(j) = 2*j**2 - 325*j - 58800. Give w(271).
7
Let p(v) = 2*v**2 + 237*v - 4844. Determine p(-137).
225
Let s(y) = -859*y - 255066. Calculate s(-297).
57
Let c(v) = 19280*v + 173508. Calculate c(-9).
-12
Let v(i) = -10756*i + 161322. What is v(15)?
-18
Let y(h) = 4111*h + 4674201. Determine y(-1137).
-6
Let m(b) = -b**3 + 9*b**2 + 80*b - 332. Determine m(4).
68
Let l(h) = -1624*h + 459654. What is l(283)?
62
Let j(a) = 11*a - 1498. What is j(135)?
-13
Let x(g) = 46*g**2 - 59*g - 13. Give x(1).
-26
Let p(c) = -2*c**3 - 404*c**2 - 408*c - 1198. What is p(-201)?
8
Let l(y) = -1537*y + 82986. What is l(55)?
-1549
Let v(l) = -425083*l + 2550484. Determine v(6).
-14
Let p(l) = 1750*l - 206143. Determine p(118).
357
Let c(y) = -6*y**3 - 911*y**2 - 20124*y + 130. What is c(-125)?
5
Let c(q) = -80*q + 9270. What is c(119)?
-250
Let h(y) = -568*y**3 - 614*y**2 - 10*y - 9. Give h(-1).
-45
Let w(j) 